se 28 = -3*c + 5*c. What is the remainder when c is divided by s?
2
Suppose -n + 4*c + 39 = 0, -n = -10*c + 9*c - 48. What is the remainder when 202 is divided by n?
49
Let l(t) = 7*t**2 + 0*t**3 - 7 - t**3 + 0*t**3 - 2*t. Let d = 40153 + -40144. Calculate the remainder when l(5) is divided by d.
6
Let b = 674 + -664. Calculate the remainder when 34 is divided by b.
4
Let p(s) be the first derivative of 2*s**3/3 + s**2 - 2*s - 5. Calculate the remainder when 40 is divided by p(-4).
18
Let s(o) = -o + 6. Let q be s(6). Suppose q = -5*f - 6 + 31. What is the remainder when 68 is divided by f?
3
Suppose 3*s + 21 = -198. Let h = s + 110. What is the remainder when h is divided by 10?
7
Let t(b) = -b**3 - 13*b**2 + b + 16. Let v be t(-13). Suppose -3*o + v*n + 61 + 29 = 0, -2*n = 4*o - 126. What is the remainder when o is divided by 0/2 + 22/2?
9
Let y = -1479 + 2747. Calculate the remainder when y is divided by 127.
125
Let j(a) = 12*a**2 + a + 1. Let w be j(-1). Suppose -3*p = w, -4*c - 68 = -2*p - 16. Calculate the remainder when (-336)/c + 2/(-5) is divided by 6.
4
Suppose 5*u - 131 = -3*z, 275 = 5*z + 2*u - 5*u. What is the remainder when z is divided by 28?
24
Let k(z) = 15*z - 85. What is the remainder when k(10) is divided by 11?
10
Let r(x) = x**3 + 8*x**2 + x + 1. Suppose b - a - 83 = -4*b, -4*a = 2*b - 20. Calculate the remainder when r(-7) is divided by b.
11
Let q = -21 - -73. Calculate the remainder when 37 is divided by (6/12)/((-1)/q*-2).
11
Suppose -3*w + 3*s + 51 = 6*s, -3*w + 2*s = -36. Calculate the remainder when 26 is divided by w.
12
Let m = 20 + -14. Suppose x = -q, -3 + m = 4*x + 3*q. Suppose 32 = x*g + 8. Calculate the remainder when g is divided by 5.
3
Let v = -8 - -14. Suppose 2*x - 7 = 5. What is the remainder when (8/x)/((-12)/(-180)) is divided by v?
2
Suppose 2*w = 4*k - 84, 5*k - 2*w - 30 = 73. Suppose -p = -42*p + 3075. What is the remainder when p is divided by k?
18
Let k be ((-8)/12)/(4/(-654)). Let b = k - 91. Let z = 19 - -14. What is the remainder when z is divided by b?
15
What is the remainder when 1/(-9) + -1*(-740)/18 is divided by 24?
17
Suppose -4*g = 3*v - 116, 3*g + 228 = 5*v + g. Calculate the remainder when 349 is divided by v.
41
Let u be (-25)/(-9) + (-8)/(-36). Suppose 2*q - u = 3. What is the remainder when 13 is divided by 2/q + 39/9?
3
Suppose 3*l = 5*p + 82, -l - 3*p + 31 = -1. Calculate the remainder when l is divided by 13.
3
Let m(y) = -y**3 + 11*y**2 + y - 5. Let w be m(11). Suppose d + w - 2 = 0. Let q(t) = t**3 + 8*t**2 + 5*t - 1. What is the remainder when q(d) is divided by 15?
13
Suppose 0*h - 134 = -4*h + g, -108 = -3*h - 3*g. Let w = -19 + h. Let k(s) = -4*s + 8. What is the remainder when w is divided by k(0)?
7
Calculate the remainder when 151 is divided by 2 + ((-9)/(-3) - 4)*-1.
1
Suppose -40*d + 564 = -28*d. Calculate the remainder when d is divided by 12.
11
Let a be (-15)/(-9)*(-24)/(-20). Suppose -2*c - 2*b + 1 = -c, -11 = -3*c + a*b. What is the remainder when 3 is divided by c?
0
Suppose -10*u + 26*u = 224. Let f = -3 + 7. Calculate the remainder when (5/f)/((-3)/(-96)) is divided by u.
12
Suppose -13*x + 18*x = 55. Suppose u - 8 - x = 0. What is the remainder when 36 is divided by u?
17
Let o(b) = -b**3 + 8*b**2 + 4*b - 13. Let f be o(9). Let k be f/(-18) - (-16)/(-72). Calculate the remainder when 155 is divided by (-156)/(-16)*(k - -1).
38
Let d be (-43)/(-9) - (-8)/36. Suppose -f = -d, 2*p - f - 108 = 49. What is the remainder when p is divided by (1/2)/((-2)/(-112))?
25
Suppose -62 = -y - 20. Suppose -41*u + y*u - 4 = 0. What is the remainder when 63 is divided by u?
3
Let n(b) = -b**3 - 12*b**2 - 2*b - 29. Let y be n(-12). Let o(c) = c**3 + 5*c**2 - 3*c + 4. What is the remainder when 36 is divided by o(y)?
17
Let p = 2 + 2. Calculate the remainder when p/10*(54 + 1) is divided by ((-348)/8)/(-3) - (-9)/(-6).
9
Let h(t) = -t**3 + 34*t**2 + 41*t - 80. Calculate the remainder when h(35) is divided by 45.
40
Let s = 37 - 118. What is the remainder when (12/18)/((-3)/s) is divided by 7?
4
Let f = 536 + 225. Suppose -4*x - 221 = -f. Suppose -x = -2*q - q. What is the remainder when q is divided by 12?
9
Suppose 26 - 338 = -5*i + 2*c, i + 2*c - 72 = 0. What is the remainder when 382 is divided by i?
62
Let c = 40 - 30. Suppose 3*l = l + c. Suppose 3*r - l = 13. What is the remainder when 16 is divided by r?
4
Let s(a) = 3*a - 6. Let p be (-14)/(-21) - (-50)/6. Let j be -2 + p - 3*1. What is the remainder when 11 is divided by s(j)?
5
Suppose 4 - 22 = -h. Suppose -h*i + 16*i + 28 = 0. Calculate the remainder when 40 is divided by i.
12
Let t = 50 + -34. What is the remainder when 31 is divided by t?
15
Suppose -5*r + 40 = p, -2*r - 16 + 59 = -5*p. Calculate the remainder when 33 is divided by r.
6
Let n(i) = -i**2 + 11*i - 8. Suppose -4*r - 5*v + 44 = 0, 2*r + 4*v - 46 = -3*r. Calculate the remainder when n(r) is divided by 5.
2
Let s(k) = 13*k**2 - 2*k - 1. Let p = -2 - -1. Suppose 8 = -r + 3*z, -18 + 34 = 4*z. What is the remainder when s(p) is divided by r?
2
Suppose -228 = -5*o - 2*a + 6*a, -a - 2 = 0. Suppose -3*f + 16 = -f. What is the remainder when o is divided by f?
4
Suppose -5*t = 2*w - 115, -5*t = -2*t + 3*w - 78. What is the remainder when 35 is divided by t?
14
Suppose -130 = -2*h - 100. Suppose 15 = 5*m + 2*z, 3*z - 6*z + h = 5*m. Calculate the remainder when 16 is divided by m.
1
Let o = -5 - -18. Calculate the remainder when ((-135)/81)/((-15)/459 - 0) is divided by o.
12
Let d = 170 + -152. What is the remainder when 42 is divided by d?
6
Let f(u) = 6*u**2 + 5*u - 26. Calculate the remainder when f(4) is divided by 3.
0
Suppose n + 2 = -4*a + 23, a - 9 = n. Suppose -2*c + 243 + a = -5*s, 0 = -4*c - 5*s + 453. Calculate the remainder when c is divided by 17.
15
Suppose -3*w + 141 = -3*q + 6*q, 0 = -w + 4*q + 47. Suppose 12 = k - 7*r, 67 = 5*k - 4*r + 7. What is the remainder when w is divided by k?
11
Let d(s) = 3*s**2 - s + 27. What is the remainder when d(5) is divided by 25?
22
Suppose -39*a - 133 + 679 = 0. What is the remainder when 106 is divided by a?
8
Let c(y) = 11*y - 3. Let r be -2 - (-8 + 3 + 1). What is the remainder when c(r) is divided by 10?
9
Let b = 49 + -23. Let t(s) = -7*s - 1. Let d be t(-1). Let x = b - d. Calculate the remainder when 59 is divided by x.
19
Let a = 721 - 718. Calculate the remainder when 31 is divided by a.
1
Suppose 424 = 2*b + 4*k, -5*k + 988 = 4*b + 125. What is the remainder when b is divided by 57?
51
Let a = 318 - 281. What is the remainder when 65 is divided by a?
28
Suppose 3*x + 3*q = 1359, 5*x + 9*q - 2286 = 11*q. Calculate the remainder when x is divided by 51.
48
Suppose 9*m = 13*m - 1196. Calculate the remainder when m is divided by 7.
5
Let f = -185 + 247. Calculate the remainder when f is divided by 13.
10
Suppose 1119 = -15*v + 23979. Calculate the remainder when v is divided by 25.
24
Suppose -3*p + 42 = 3*b, p + p - 4*b + 2 = 0. What is the remainder when 6/(-14) + (-2580)/(-42) is divided by p?
7
Let q be 2/(-4) + (-27)/54. Calculate the remainder when 214 is divided by (4/8)/(q/(-86)).
42
Let c = 387 + -39. Suppose -248 = -2*a + c. Calculate the remainder when 2 - (a - -2)/(-4) is divided by 20.
17
Suppose -4*x = -7*x + 5*i + 227, 2*i + 146 = 2*x. What is the remainder when x is divided by 18?
15
Let m(z) = -90 + 7*z + 6*z + 87. Let d(q) = 26*q**2 + 1. What is the remainder when d(-1) is divided by m(1)?
7
Let b = 316 + -68. Let i = 167 + -117. Calculate the remainder when b is divided by i.
48
Let q be ((-4)/16)/(1/(-16)). Suppose -4*m = -5*u - 105, q*m = m + 2*u + 77. What is the remainder when 47 is divided by m?
22
Suppose 43 + 65 = 12*q - 216. Calculate the remainder when q is divided by -1 + 0 + 6 - -1.
3
Suppose 3*b - 332 - 52 = 0. What is the remainder when b is divided by 63?
2
Let f(t) = t**2 + 9*t + 6. Let o be f(-11). Suppose 5*x = o + 7. Suppose 2*b - j = 2, -3*b - j = -4*j. Calculate the remainder when x is divided by b.
1
Suppose 47*y - 50*y - 66 = 0. Let p = 37 - y. What is the remainder when p is divided by 22?
15
Suppose 2*w - 2 = 24. Calculate the remainder when 164 is divided by w.
8
Suppose -2*d - 3*f + 105 = 0, -d + 4*f + 132 = 2*d. Calculate the remainder when d is divi